uppose -3*s + 214 = g. What are the prime factors of s?
3, 17
Suppose -7*u + 118123 = 36930. List the prime factors of u.
7, 1657
Let m(c) = 16*c - 98. Let l = -88 + 109. List the prime factors of m(l).
2, 7, 17
Let l = 71 - 57. Suppose 0 = -4*a + 2*j + 20, a - 3*a + 3*j + l = 0. Suppose 2*s + 5*q = 326, 5*q = s - a*s + 479. What are the prime factors of s?
3, 17
Suppose 208*a - 1510212 - 1139286 = -833242. List the prime factors of a.
2, 37, 59
Let r = -477 - -931. Suppose -i = 3*h - r - 22, -4*i + h = -1904. List the prime factors of i.
2, 7, 17
Suppose -2*s + 6 = 8, -2*z + 9 = -5*s. Suppose 3501 = 2*n + z*n - 5*b, -1761 = -2*n - b. List the prime factors of n.
3, 293
Suppose 25*a = 24*a - 8. Let c be (7924/(-21) - a)*(-3)/2. Suppose x - p = 186, 3*x + p = -0*p + c. What are the prime factors of x?
5, 37
Let k(h) = -16*h - 33 + 44*h + 56 - h**2. List the prime factors of k(5).
2, 3, 23
Let l(c) = -1659*c - 1055. What are the prime factors of l(-22)?
23, 67
Let n(s) = -4*s - 25. Let k be n(-10). Let x be 354/(-8) - k/(-60). Let o = 5 - x. List the prime factors of o.
7
Let x = 1423 - -28143. List the prime factors of x.
2, 14783
Suppose -3*j = -3*a - 2859, 2849 = 2*a - 5*a + j. Let y be 6/(-9)*a/(-8). Let m = y - -197. What are the prime factors of m?
2, 59
Suppose -h + 5*f = 6*f - 58, 5*h - 250 = 5*f. Let o = h - 45. Suppose -5*b - 5*x = -130, -o*b = -7*b + x - 51. What are the prime factors of b?
5
Suppose 5*l - 1085 = -3*k, 17*k - 5*l = 19*k - 725. Suppose -387 - 333 = -2*b - 2*y, b - 2*y - k = 0. List the prime factors of b.
2, 3, 5
Let l be (-1012)/(-23)*(-10)/(-4). Let p = -195 + 461. Let x = p - l. List the prime factors of x.
2, 3, 13
Suppose 5*p = 11*p - 54. Let s(z) = z**3 - 10*z**2 + 21*z + 4. List the prime factors of s(p).
2, 7
Let l be (16346/33)/(1/(-3)) + 5. Let w = -827 - l. What are the prime factors of w?
2, 3, 109
Let g(v) = 6*v**3 + 22*v**2 - 371*v + 30. List the prime factors of g(13).
12107
Let h(d) = 388*d**2 - 592*d - 2942. List the prime factors of h(-5).
2, 43, 113
Let m(a) = a. Let r be m(1). Let f(g) = 5*g**2 + 6*g - 19. Let y be f(3). Suppose k + r = 4*h + y, 0 = -4*k + h + 232. List the prime factors of k.
59
Let j = 10845 + -3454. What are the prime factors of j?
19, 389
What are the prime factors of (-5230 + 578)*(-3)/3*2*1?
2, 1163
What are the prime factors of (-18)/3 + 6/(-39) + 1140133/299?
3, 47
Let u = 8 - 4. Suppose 4*y = -0*x + 4*x, -u*x = 5*y - 18. Suppose 0 = -4*v - 3*q - y*q + 120, -3*v + 2*q + 90 = 0. What are the prime factors of v?
2, 3, 5
Let w be 4/30 - (-412574)/345. Suppose 8*r - 2492 = w. List the prime factors of r.
461
Let d be 0*(2 + ((-3)/(-6) - 3)). Suppose -2*r - 3*o + 2 + 16 = d, -1 = 5*r - 4*o. What are the prime factors of 55 - (-3)/(r/(-3))?
2, 13
Let z = -363 + 377. List the prime factors of 1677 + -24 + z + 6 + -1.
2, 11, 19
List the prime factors of ((-143656)/48*-4)/(4/12).
2, 17957
Let n(b) = 137*b**3 + 22*b**2 - 83*b + 22. What are the prime factors of n(5)?
2, 8641
Let m = -14649 - -65255. What are the prime factors of m?
2, 25303
Suppose 27*w + 2*o - 12 = 24*w, 2*w - 8 = -2*o. Suppose f + 16*h - 446 = 17*h, 1808 = w*f + 4*h. What are the prime factors of f?
449
Let r be (-807*1 - (-8 - -5))/(-1). Suppose 2*a - r = 146. List the prime factors of a.
5, 19
Suppose -3*y + 505 + 1553 = 0. Suppose -10*h - y = -12396. List the prime factors of h.
1171
Let h(z) = 4*z + 10. Let x be h(5). Let v = x + -27. Suppose 4*p - 16 = 0, -v*s - 2*p + 62 = -6*p. List the prime factors of s.
2, 13
Let b(o) = o + 4. Let z be b(0). Suppose z = 3*u - w, 4*u + 5*w - 27 = 2*w. Suppose -3*h + 23 = -y + 109, u*h = 2*y - 172. List the prime factors of y.
2, 43
Suppose -10*c = 383 + 17. Let y be (c + 0)*(-2 - (-16)/10). List the prime factors of 24/y + 301/2.
2, 19
Suppose -277*d + 6824250 = -7*d. List the prime factors of d.
3, 5, 337
List the prime factors of -9 + 2600 + (-20 - -30).
3, 17
Suppose -p - 3564 = -2*f, 2*p + 2916 + 5993 = 5*f. Let y = 3274 - f. List the prime factors of y.
1493
Let c be 4/((-66)/(-54) - 1). What are the prime factors of c*(732/144)/((-2)/(-16))?
2, 3, 61
Let g(v) = -15*v - 543. Let q be g(-36). List the prime factors of ((6/4)/q)/((-3)/2718).
3, 151
Suppose 19*v = 66*v - 32054. Let q = -295 + v. What are the prime factors of q?
3, 43
Let a(d) = 30*d**2 - d - 4. Let g = -12 + 30. Let w(m) = -m**3 + 17*m**2 + 17*m + 20. Let j be w(g). What are the prime factors of a(j)?
2, 3, 19
Let v(j) = -j**2 + 13*j + 28. Let b be v(12). Let u be 4/(-34) + 15/(-17). Let c = b + u. What are the prime factors of c?
3, 13
Suppose -t - 5*r + 10735 = 4*t, -5*r = -2*t + 4329. Suppose m + 7*m = t. List the prime factors of m.
269
Suppose 93364 - 3277422 = -187*i + 2136092. What are the prime factors of i?
2, 5, 569
Suppose 7*m - 3*m = -4*a + 1104, -4*a - 863 = -3*m. Let d = -71 + m. List the prime factors of d.
2, 3, 5, 7
Suppose -3*d + 2*y = -4165, 8*y = 3*d + 10*y - 4145. What are the prime factors of d?
5, 277
Suppose 3*t + 116 = 32*t. Suppose 2*d = -t*w - 3*d + 2110, -4*d = 4*w - 2108. List the prime factors of w.
3, 5, 7
Let w be (-12)/20 - 6418/15*-3. Let o = w + -230. What are the prime factors of o?
3, 13
Let d be (-2)/(-3)*(-474)/(-4). Let m(v) = -d*v + 9 - 26 + 8 + 10. What are the prime factors of m(-1)?
2, 5
Suppose -5*x = 4*d - 3, 2*x - 5*d = -0*d + 21. Let o be (-6)/x + -54 + 1. Let p = -12 - o. List the prime factors of p.
43
What are the prime factors of (9/48*28)/((-1075781)/(-107576) + -10)?
2, 7, 17, 113
What are the prime factors of 7 + ((-2)/(-6) + 0 - (-527560)/33)?
2, 11, 727
Let m be 6 + (-24)/4 + -6. What are the prime factors of (1091 + (m - -9))/2?
547
Suppose -28 = -263*o + 259*o. Suppose -9*u = -2*l - o*u + 1132, -2261 = -4*l + 5*u. List the prime factors of l.
569
Let n = 14492 + 8754. List the prime factors of n.
2, 59, 197
Let s be ((-6)/3 - -4) + -1. Suppose 0 = -3*l - 8 - s. Let c = 95 - l. List the prime factors of c.
2, 7
What are the prime factors of (36 - 42)/(3/(-8660))?
2, 5, 433
Let k(m) = -51*m**3 - 3*m**2 - 2*m + 9. Let i be k(2). Let b = i + 704. Suppose 801 = 5*u - b. List the prime factors of u.
2, 109
Let s(f) be the third derivative of f**6/15 - f**5/20 + 7*f**4/8 - 6*f**3 + 60*f**2. List the prime factors of s(5).
2, 7, 71
List the prime factors of -3*(-39922)/15 + (-56)/40.
3, 887
Let f(b) = 478*b**2 + 40*b - 183. What are the prime factors of f(-13)?
3, 26693
Suppose -3*k + 4*k - 192 = 0. Suppose c - 335 = k. What are the prime factors of c?
17, 31
Suppose 22*l - 300 = 184. Suppose -883 = -l*p + 4859. List the prime factors of p.
3, 29
Let d = 367 - 361. Suppose -m + 2*o = d*o - 581, 2*m + o - 1148 = 0. What are the prime factors of m?
3, 191
Let u = -11 - -27. Suppose -4*s + 0*s + u = 0. Suppose n = -s*v + 310, 312 = 2*v + 2*v + 2*n. List the prime factors of v.
7, 11
Let b(s) = 12*s**2 + 1. Let v be b(-1). Suppose 13 = v*u - 0. List the prime factors of -1 + -3 + u - -156.
3, 17
Let m(z) = -z**3 - 18*z**2 - 18*z - 5. Let a be m(-17). Suppose -2*i - a*i = -4186. What are the prime factors of i?
13, 23
Let q be (-198)/(-5) + 6/15. Let p be (-28)/(-5) + 16/q. Suppose 2*r - p*u - 26 = -3*u, r - 11 = 2*u. List the prime factors of r.
19
Suppose -27 = -0*c + 3*c. Let s(o) = 2*o**2 - o**2 - 5*o + 278 + o - 7*o - 291. List the prime factors of s(c).
167
Suppose 2*u = -3*x + 30508, 11*u - 19*u + 2*x = -121920. List the prime factors of u.
2, 7621
Let m(z) = 47*z**2 - z - 6. Suppose 2*a + 4*x + 7 + 7 = 0, 3*a = 2*x + 19. Let j be m(a). List the prime factors of j/18*2/2.
23
Suppose 3298856 = 517*j - 308*j. What are the prime factors of j?
2, 1973
Let r(g) = -3*g**3 + 83*g**2 + 30*g + 5. Let b be r(29). Let i = b + 3512. What are the prime factors of i?
3, 11, 31
Let c(k) = 184*k - 117. Let w be c(5). What are the prime factors of (-1)/(w/3300 + (-3)/12)?
2, 3, 5
Let y(d) = 876*d + 11455. What are the prime factors of y(19)?
28099
Suppose -274*j = -173*j - 3636707. What are the prime factors of j?
36007
Let l(v) = v**3 + 2*v**2 + 1. Let k be l(0). Let r be (635/3 - k) + (-2)/3. Suppose -r = -6*d + 30. List the prime factors of d.
2, 5
Suppose -4*o - 6*o + o = 0. Suppose -3*h + o*f - 3*f = -1497, -5*h - 2*f + 2489 = 0. List the prime factors of h.
7,